{"id":2863,"date":"2020-07-28T16:38:07","date_gmt":"2020-07-28T18:38:07","guid":{"rendered":"https:\/\/epeq.ict.ufvjm.edu.br\/?page_id=2863"},"modified":"2021-04-14T15:14:40","modified_gmt":"2021-04-14T17:14:40","slug":"missao","status":"publish","type":"page","link":"https:\/\/epeq.ict.ufvjm.edu.br\/?page_id=2863","title":{"rendered":"Miss\u00e3o, Vis\u00e3o e Valores"},"content":{"rendered":"\n<p class=\"texto-justicado\"><\/p>\n\n\n\n<div class=\"wp-block-media-text alignwide is-stacked-on-mobile\" style=\"grid-template-columns:27% auto\"><figure class=\"wp-block-media-text__media\"><img loading=\"lazy\" width=\"221\" height=\"300\" src=\"https:\/\/epeq.ict.ufvjm.edu.br\/wp-content\/uploads\/2020\/08\/miss\u00e3o1-221x300.png\" alt=\"\" class=\"wp-image-3047 size-medium\" srcset=\"https:\/\/epeq.ict.ufvjm.edu.br\/wp-content\/uploads\/2020\/08\/miss\u00e3o1-221x300.png 221w, https:\/\/epeq.ict.ufvjm.edu.br\/wp-content\/uploads\/2020\/08\/miss\u00e3o1.png 375w\" sizes=\"(max-width: 221px) 100vw, 221px\" \/><\/figure><div class=\"wp-block-media-text__content\">\n<div class=\"wp-block-group\"><div class=\"wp-block-group__inner-container\">\n<p class=\"has-medium-font-size\">\u200bA Escola Piloto de Engenharia Qu\u00edmica da UFVJM tem por miss\u00e3o desenvolver e ministrar com qualidade atividades e conte\u00fados complementares a grade curricular da Engenharia Qu\u00edmica, de forma a aperfei\u00e7oar a forma\u00e7\u00e3o dos estudantes do curso, dando-lhes suporte para se tornarem egressos capazes de atender as necessidades do mercado.<\/p>\n<\/div><\/div>\n\n\n\n<p><\/p>\n<\/div><\/div>\n\n\n\n<p><\/p>\n\n\n\n<div class=\"wp-block-media-text alignwide has-media-on-the-right is-stacked-on-mobile is-vertically-aligned-center\" style=\"grid-template-columns:auto 27%\"><figure class=\"wp-block-media-text__media\"><img loading=\"lazy\" width=\"220\" height=\"300\" src=\"https:\/\/epeq.ict.ufvjm.edu.br\/wp-content\/uploads\/2020\/08\/vis\u00e3o-1-220x300.png\" alt=\"\" class=\"wp-image-3048 size-medium\" srcset=\"https:\/\/epeq.ict.ufvjm.edu.br\/wp-content\/uploads\/2020\/08\/vis\u00e3o-1-220x300.png 220w, https:\/\/epeq.ict.ufvjm.edu.br\/wp-content\/uploads\/2020\/08\/vis\u00e3o-1.png 378w\" sizes=\"(max-width: 220px) 100vw, 220px\" \/><\/figure><div class=\"wp-block-media-text__content\">\n<p class=\"has-medium-font-size\">A EPEQ\/UFVJM tem por vis\u00e3o tornar-se um programa capacitado a oferecer, com extrema excel\u00eancia, conte\u00fados correlatos a Engenharia Qu\u00edmica, de tal modo, a contribuir para a forma\u00e7\u00e3o de Engenheiros Qu\u00edmicos de excel\u00eancia e ser reconhecido pelo not\u00e1vel desempenho e cont\u00ednuo aperfei\u00e7oamento.<\/p>\n<\/div><\/div>\n\n\n\n<p><\/p>\n\n\n\n<div class=\"wp-block-media-text alignwide is-stacked-on-mobile is-vertically-aligned-center\" style=\"grid-template-columns:27% auto\"><figure class=\"wp-block-media-text__media\"><img loading=\"lazy\" width=\"220\" height=\"300\" src=\"https:\/\/epeq.ict.ufvjm.edu.br\/wp-content\/uploads\/2020\/08\/valores1-220x300.png\" alt=\"\" class=\"wp-image-3049 size-medium\" srcset=\"https:\/\/epeq.ict.ufvjm.edu.br\/wp-content\/uploads\/2020\/08\/valores1-220x300.png 220w, https:\/\/epeq.ict.ufvjm.edu.br\/wp-content\/uploads\/2020\/08\/valores1.png 374w\" sizes=\"(max-width: 220px) 100vw, 220px\" \/><\/figure><div class=\"wp-block-media-text__content\">\n<p class=\"has-medium-font-size\">Os valores que fundamentam toda e qualquer atua\u00e7\u00e3o da EPEQ\/UFVJM s\u00e3o:&nbsp;<\/p>\n\n\n\n<ul class=\"has-medium-font-size\"><li>\u00c9tica, Respeito e Honestidade<\/li><li>Trabalho em equipe<\/li><li>Excel\u00eancia com simplicidade<\/li><li>Comprometimento<\/li><li>Proatividade e criatividade&nbsp;<\/li><li>Responsabilidade social<\/li><\/ul>\n<\/div><\/div>\n\n\n\n<p><\/p>\n","protected":false},"excerpt":{"rendered":"<p>A EPEQ\/UFVJM tem por vis\u00e3o tornar-se um programa capacitado a oferecer, com extrema excel\u00eancia, conte\u00fados correlatos a Engenharia Qu\u00edmica, de tal modo, a contribuir para a forma\u00e7\u00e3o de Engenheiros Qu\u00edmicos de excel\u00eancia e ser reconhecido pelo not\u00e1vel desempenho e cont\u00ednuo aperfei\u00e7oamento. Os valores que fundamentam toda e qualquer atua\u00e7\u00e3o da EPEQ\/UFVJM s\u00e3o:&nbsp; \u00c9tica, Respeito e [&hellip;]<\/p>\n","protected":false},"author":8,"featured_media":0,"parent":318,"menu_order":0,"comment_status":"closed","ping_status":"closed","template":"","meta":[],"_links":{"self":[{"href":"https:\/\/epeq.ict.ufvjm.edu.br\/index.php?rest_route=\/wp\/v2\/pages\/2863"}],"collection":[{"href":"https:\/\/epeq.ict.ufvjm.edu.br\/index.php?rest_route=\/wp\/v2\/pages"}],"about":[{"href":"https:\/\/epeq.ict.ufvjm.edu.br\/index.php?rest_route=\/wp\/v2\/types\/page"}],"author":[{"embeddable":true,"href":"https:\/\/epeq.ict.ufvjm.edu.br\/index.php?rest_route=\/wp\/v2\/users\/8"}],"replies":[{"embeddable":true,"href":"https:\/\/epeq.ict.ufvjm.edu.br\/index.php?rest_route=%2Fwp%2Fv2%2Fcomments&post=2863"}],"version-history":[{"count":17,"href":"https:\/\/epeq.ict.ufvjm.edu.br\/index.php?rest_route=\/wp\/v2\/pages\/2863\/revisions"}],"predecessor-version":[{"id":3370,"href":"https:\/\/epeq.ict.ufvjm.edu.br\/index.php?rest_route=\/wp\/v2\/pages\/2863\/revisions\/3370"}],"up":[{"embeddable":true,"href":"https:\/\/epeq.ict.ufvjm.edu.br\/index.php?rest_route=\/wp\/v2\/pages\/318"}],"wp:attachment":[{"href":"https:\/\/epeq.ict.ufvjm.edu.br\/index.php?rest_route=%2Fwp%2Fv2%2Fmedia&parent=2863"}],"curies":[{"name":"wp","href":"https:\/\/api.w.org\/{rel}","templated":true}]}}