{"id":318,"date":"2019-07-31T18:02:05","date_gmt":"2019-07-31T20:02:05","guid":{"rendered":"http:\/\/www4.ict.ufvjm.edu.br\/?page_id=318"},"modified":"2021-04-14T15:13:21","modified_gmt":"2021-04-14T17:13:21","slug":"o-instituto","status":"publish","type":"page","link":"https:\/\/epeq.ict.ufvjm.edu.br\/?page_id=318","title":{"rendered":"A EPEQ"},"content":{"rendered":"\n<p class=\"texto-justificado\">A Escola Piloto de Engenharia Qu\u00edmica da Universidade Federal dos Vales do Jequitinhonha e Mucuri (EPEQ\/UFVJM) \u00e9 caracterizada como um Projeto de Ensino direcionado a ministrar cursos e organizar atividades que complementem a forma\u00e7\u00e3o dos estudantes de Engenharia Qu\u00edmica.&nbsp;<\/p>\n\n\n\n<p class=\"texto-justificado\">Entretanto, apesar de ser identificado como um projeto de ensino a Escola Piloto de Engenharia Qu\u00edmica, como destaca o Conselho Nacional das Escolas Piloto-CONEP (2017), prop\u00f5e a indissociabilidade entre os tr\u00eas pilares da educa\u00e7\u00e3o, pesquisa-ensino-extens\u00e3o, uma vez que, os membros da EPEQ est\u00e3o intensamente envolvidos na pesquisa dos temas de estudo, difundindo-os tanto para os graduandos em Engenharia Qu\u00edmica quanto \u00e0 comunidade externa.&nbsp;<\/p>\n\n\n\n<p class=\"texto-justificado\">Al\u00e9m disso, a EPEQ objetiva, atrav\u00e9s de sua atua\u00e7\u00e3o, sintonizar os discentes acerca das inova\u00e7\u00f5es dentro do mercado de trabalho da Engenharia Qu\u00edmica possibilitando ao discente acompanhar a&nbsp; evolu\u00e7\u00e3o tecnol\u00f3gica e inova\u00e7\u00f5es que o mercado de trabalho exige.&nbsp;<\/p>\n","protected":false},"excerpt":{"rendered":"<p>A Escola Piloto de Engenharia Qu\u00edmica da Universidade Federal dos Vales do Jequitinhonha e Mucuri (EPEQ\/UFVJM) \u00e9 caracterizada como um Projeto de Ensino direcionado a ministrar cursos e organizar atividades que complementem a forma\u00e7\u00e3o dos estudantes de Engenharia Qu\u00edmica.&nbsp; Entretanto, apesar de ser identificado como um projeto de ensino a Escola Piloto de Engenharia Qu\u00edmica, [&hellip;]<\/p>\n","protected":false},"author":1,"featured_media":0,"parent":0,"menu_order":0,"comment_status":"closed","ping_status":"closed","template":"","meta":[],"_links":{"self":[{"href":"https:\/\/epeq.ict.ufvjm.edu.br\/index.php?rest_route=\/wp\/v2\/pages\/318"}],"collection":[{"href":"https:\/\/epeq.ict.ufvjm.edu.br\/index.php?rest_route=\/wp\/v2\/pages"}],"about":[{"href":"https:\/\/epeq.ict.ufvjm.edu.br\/index.php?rest_route=\/wp\/v2\/types\/page"}],"author":[{"embeddable":true,"href":"https:\/\/epeq.ict.ufvjm.edu.br\/index.php?rest_route=\/wp\/v2\/users\/1"}],"replies":[{"embeddable":true,"href":"https:\/\/epeq.ict.ufvjm.edu.br\/index.php?rest_route=%2Fwp%2Fv2%2Fcomments&post=318"}],"version-history":[{"count":92,"href":"https:\/\/epeq.ict.ufvjm.edu.br\/index.php?rest_route=\/wp\/v2\/pages\/318\/revisions"}],"predecessor-version":[{"id":3369,"href":"https:\/\/epeq.ict.ufvjm.edu.br\/index.php?rest_route=\/wp\/v2\/pages\/318\/revisions\/3369"}],"wp:attachment":[{"href":"https:\/\/epeq.ict.ufvjm.edu.br\/index.php?rest_route=%2Fwp%2Fv2%2Fmedia&parent=318"}],"curies":[{"name":"wp","href":"https:\/\/api.w.org\/{rel}","templated":true}]}}