{"id":332,"date":"2019-07-31T18:04:18","date_gmt":"2019-07-31T20:04:18","guid":{"rendered":"http:\/\/www4.ict.ufvjm.edu.br\/?page_id=332"},"modified":"2020-07-02T10:12:21","modified_gmt":"2020-07-02T12:12:21","slug":"grupos-de-estudo","status":"publish","type":"page","link":"https:\/\/epeq.ict.ufvjm.edu.br\/?page_id=332","title":{"rendered":"Equipes e Grupos"},"content":{"rendered":"\n<hr class=\"wp-block-separator\"\/>\n\n\n\n<span class=\"collapseomatic \" id=\"id6a00adeea1e02\"  tabindex=\"0\" title=\"<strong>Grupos de Lideran\u00e7a Discente<\/strong>\"    ><strong>Grupos de Lideran\u00e7a Discente<\/strong><\/span><div id=\"target-id6a00adeea1e02\" class=\"collapseomatic_content \">   <\/p>\n\n\n\n[icon name=&#8221;user&#8221; prefix=&#8221;far fa-2x&#8221;]  <a href=\"https:\/\/www4.ict.ufvjm.edu.br\/?page_id=1705\"><strong>AeroVale &#8211; AeroDesign<\/strong><\/a><\/p>\n\n\n\n[icon name=&#8221;user&#8221; prefix=&#8221;far fa-2x&#8221;]  <a href=\"https:\/\/www4.ict.ufvjm.edu.br\/?page_id=1709\"><strong>Atl\u00e9tica das Engenharias &#8211; La F\u00faria<\/strong><\/a>  <\/p>\n\n\n\n[icon name=&#8221;user&#8221; prefix=&#8221;far fa-2x&#8221;]  <a href=\"https:\/\/www4.ict.ufvjm.edu.br\/?page_id=1674\"><strong>Avan\u00e7o Empresa J\u00fanior<\/strong><\/a>  <\/p>\n\n\n\n[icon name=&#8221;user&#8221; prefix=&#8221;far fa-2x&#8221;]  <a href=\"https:\/\/www4.ict.ufvjm.edu.br\/?page_id=1711\"><strong>Baja Espinha\u00e7o<\/strong><\/a><\/p>\n\n\n\n[icon name=&#8221;user&#8221; prefix=&#8221;far fa-2x&#8221;]  <a href=\"https:\/\/www4.ict.ufvjm.edu.br\/?page_id=1701\"><strong>CREA-Jr &#8211; N\u00facleo Diamantina<\/strong><\/a><\/p>\n\n\n\n[icon name=&#8221;user&#8221; prefix=&#8221;far fa-2x&#8221;]  <a href=\"https:\/\/www4.ict.ufvjm.edu.br\/?page_id=1713\"><strong>Diret\u00f3rio Acad\u00eamico &#8211; DA<\/strong><\/a><\/p>\n\n\n\n[icon name=&#8221;user&#8221; prefix=&#8221;far fa-2x&#8221;]  <a href=\"https:\/\/www4.ict.ufvjm.edu.br\/?page_id=1715\"><strong>F\u00f3rmula Real Racing<\/strong><\/a> <\/p>\n\n\n\n[icon name=&#8221;user&#8221; prefix=&#8221;far fa-2x&#8221;]  <a href=\"https:\/\/www4.ict.ufvjm.edu.br\/?page_id=1717\"><strong>GAMA Pensamento Estrat\u00e9gico<\/strong><\/a> <\/p>\n\n\n\n[icon name=&#8221;user&#8221; prefix=&#8221;far fa-2x&#8221;]  <strong><a href=\"https:\/\/www.ict.ufvjm.edu.br\/?page_id=2738\">GEMMA Consultoria J\u00fanio<\/a><\/strong><a href=\"https:\/\/www.ict.ufvjm.edu.br\/?page_id=2738\"><strong>r<\/strong><\/a> <\/p>\n\n\n\n[icon name=&#8221;user&#8221; prefix=&#8221;far fa-2x&#8221;] <strong><a href=\"https:\/\/www4.ict.ufvjm.edu.br\/?page_id=1719\">Starkbotz<\/a><\/strong><\/p>\n\n\n\n<\/div>\n\n\n\n<div style=\"height:24px\" aria-hidden=\"true\" class=\"wp-block-spacer\"><\/div>\n\n\n\n<p><\/p>\n\n\n\n<span class=\"collapseomatic \" id=\"id6a00adeea1e9b\"  tabindex=\"0\" title=\"<strong>Grupos de Ensino, Pesquisa e Extens\u00e3o<\/strong>\"    ><strong>Grupos de Ensino, Pesquisa e Extens\u00e3o<\/strong><\/span><div id=\"target-id6a00adeea1e9b\" class=\"collapseomatic_content \">\n\n\n\n<p><\/p>\n\n\n\n[icon name=&#8221;user&#8221; prefix=&#8221;far fa-2x&#8221;] <a href=\"https:\/\/www.ict.ufvjm.edu.br\/?page_id=2447\"><strong>AstroVale<\/strong><\/a><\/p>\n\n\n\n[icon name=&#8221;user&#8221; prefix=&#8221;far fa-2x&#8221;] <a href=\"https:\/\/www.ict.ufvjm.edu.br\/?page_id=2206\"><strong>Cervejaria Escola<\/strong><\/a><\/p>\n\n\n\n[icon name=&#8221;user&#8221; prefix=&#8221;far fa-2x&#8221;]  <a href=\"https:\/\/www4.ict.ufvjm.edu.br\/?page_id=1462\"><strong>Escola Piloto de Engenharia Qu\u00edmica &#8211; EPEQ<\/strong><\/a><\/p>\n\n\n\n[icon name=&#8221;user&#8221; prefix=&#8221;far fa-2x&#8221;]  <a href=\"https:\/\/www.ict.ufvjm.edu.br\/?page_id=2641\"><strong>Estat\u00edstica e Experimenta\u00e7\u00e3o<\/strong><\/a><\/p>\n\n\n\n[icon name=&#8221;user&#8221; prefix=&#8221;far fa-2x&#8221;]  <a href=\"https:\/\/www4.ict.ufvjm.edu.br\/?page_id=1689\"><strong>Estudos e Desenvolvimento de Idiomas &#8211; GEDI<\/strong><\/a><\/p>\n\n\n\n[icon name=&#8221;user&#8221; prefix=&#8221;far fa-2x&#8221;]  <strong><a href=\"https:\/\/www.ict.ufvjm.edu.br\/?page_id=2699\">Grupo de Biomec\u00e2nica e Bioengenharia \u2013 GBio2<\/a><\/strong><\/p>\n\n\n\n[icon name=&#8221;user&#8221; prefix=&#8221;far fa-2x&#8221;] <a href=\"https:\/\/www.ict.ufvjm.edu.br\/?page_id=2663\"><strong>Grupo de Ci\u00eancia e Tecnologia dos Materiais &#8211; GCTM<\/strong><\/a><\/p>\n\n\n\n[icon name=&#8221;user&#8221; prefix=&#8221;far fa-2x&#8221;]  <strong><a href=\"https:\/\/www.ict.ufvjm.edu.br\/?page_id=2569\">Intelligent Engineering Solutions &#8211; NewGen<\/a><\/strong> <\/p>\n\n\n\n[icon name=&#8221;user&#8221; prefix=&#8221;far fa-2x&#8221;] <a href=\"https:\/\/www.ict.ufvjm.edu.br\/?page_id=2281\"><strong>N\u00facleo de Estudos em An\u00e1lise Sensorial de Alimentos &#8211; Senseat<\/strong><\/a><\/p>\n\n\n\n[icon name=&#8221;user&#8221; prefix=&#8221;far fa-2x&#8221;] <a href=\"https:\/\/www.ict.ufvjm.edu.br\/?page_id=2515\"><strong>N\u00facleo de Filosofia e Hist\u00f3ria da F\u00edsica-matem\u00e1tica &#8211; NUFHIM<\/strong><\/a><\/p>\n\n\n\n[icon name=&#8221;user&#8221; prefix=&#8221;far fa-2x&#8221;] <a href=\"https:\/\/www.ict.ufvjm.edu.br\/?page_id=2675\"><strong>PET Estrat\u00e9gias<\/strong><\/a><\/p>\n\n\n\n<\/div>\n","protected":false},"excerpt":{"rendered":"","protected":false},"author":1,"featured_media":0,"parent":318,"menu_order":0,"comment_status":"closed","ping_status":"closed","template":"","meta":[],"_links":{"self":[{"href":"https:\/\/epeq.ict.ufvjm.edu.br\/index.php?rest_route=\/wp\/v2\/pages\/332"}],"collection":[{"href":"https:\/\/epeq.ict.ufvjm.edu.br\/index.php?rest_route=\/wp\/v2\/pages"}],"about":[{"href":"https:\/\/epeq.ict.ufvjm.edu.br\/index.php?rest_route=\/wp\/v2\/types\/page"}],"author":[{"embeddable":true,"href":"https:\/\/epeq.ict.ufvjm.edu.br\/index.php?rest_route=\/wp\/v2\/users\/1"}],"replies":[{"embeddable":true,"href":"https:\/\/epeq.ict.ufvjm.edu.br\/index.php?rest_route=%2Fwp%2Fv2%2Fcomments&post=332"}],"version-history":[{"count":78,"href":"https:\/\/epeq.ict.ufvjm.edu.br\/index.php?rest_route=\/wp\/v2\/pages\/332\/revisions"}],"predecessor-version":[{"id":2979,"href":"https:\/\/epeq.ict.ufvjm.edu.br\/index.php?rest_route=\/wp\/v2\/pages\/332\/revisions\/2979"}],"up":[{"embeddable":true,"href":"https:\/\/epeq.ict.ufvjm.edu.br\/index.php?rest_route=\/wp\/v2\/pages\/318"}],"wp:attachment":[{"href":"https:\/\/epeq.ict.ufvjm.edu.br\/index.php?rest_route=%2Fwp%2Fv2%2Fmedia&parent=332"}],"curies":[{"name":"wp","href":"https:\/\/api.w.org\/{rel}","templated":true}]}}